{"id":738,"date":"2012-04-12T00:11:49","date_gmt":"2012-04-11T23:11:49","guid":{"rendered":"http:\/\/nosolomates.es\/?page_id=738"},"modified":"2013-11-28T14:49:07","modified_gmt":"2013-11-28T12:49:07","slug":"el-isbn-de-los-libros","status":"publish","type":"page","link":"https:\/\/nosolomates.es\/?page_id=738","title":{"rendered":"El ISBN de los libros"},"content":{"rendered":"<p>Herramienta para calcular la \u00faltima cifra de un ISBN de 10 cifras (Desde hace unos a\u00f1os el ISBN coincide con el c\u00f3digo de barras y tienen 13). Introduce las nueve primeras cifras y pulsa &#8220;Calcular&#8221;.<\/p>\n<p><center><\/p>\n<div id=\"utilidades\"><h7><iframe loading=\"lazy\" src=\"web\/isbn.htm\" width=\"470\" height=\"170\" scrolling=\"auto\" frameborder=\"0\"><\/p>\n<p>Texto alternativo para browsers que no aceptan iframes.<\/p>\n<p>    <\/iframe><\/h7><\/div>\n<p><\/center><br \/>\n<\/p>\n<h1>Explicaci\u00f3n:<\/h1>\n<p><\/p>\n<p>El ISBN (International Standard Book Numbers) es, al igual que el <a href=\"barras.htm\" target=\"_blank\">c\u00f3digo de barras<\/a>, un m\u00e9todo de codificaci\u00f3n , en este caso para los libros. Consta de 10 d\u00edgitos, que se distribuyen de la siguiente forma:<\/p>\n<ul>\n<li>\n<p>Los dos primeros d\u00edgitos identifican el pa\u00eds (a Espa\u00f1a le corresponde el 84)<\/li>\n<li>\n<p>Un siguiente grupo para la editorial.<\/li>\n<li>\n<p>Un grupo para el t\u00edtulo en concreto.<\/li>\n<li>\n<p>El \u00faltimo d\u00edgito, que es el D\u00edgito de Control.<\/li>\n<\/ul>\n<p>Normalmente estos grupos vienen separados mediante guiones.<br \/>\nEl algoritmo de verificaci\u00f3n de los ISBN es el siguiente:<\/p>\n<p>1) Se multiplican los d\u00edgitos de izquierda a derecha por 10, 9, 8, 7, 6, 5, 4, 3, 2 y 1 respectivamente.<\/p>\n<p>2) Se suman los productos anteriores.<\/p>\n<p>3) El resultado tiene que ser m\u00faltiplo de 11. Si no es as\u00ed, el ISBN es incorrecto.<\/p>\n<p>Si queremos conocer el D\u00edgito de Control, realizamos esas mismas operaciones, sin el \u00faltimo producto, de modo que el n\u00famero resultante, en principio, no es m\u00faltiplo de 11. El d\u00edgito de control ser\u00e1 la cantidad necesaria hasta el siguiente m\u00faltiplo. En el caso de que s\u00ed fuera m\u00faltiplo de 11, el D\u00edgito de Control ser\u00eda 0, y si la cantidad necesaria es 10, ese d\u00edgito es una X.<\/p>\n<p class=\"underline\">Ejemplo:<\/p>\n<p> 84-8104-473-(DC)<\/p>\n<p>Realizamos la operaci\u00f3n: 10\u00b78 + 9\u00b74 + 8\u00b78 + 7\u00b71 + 6\u00b70 + 5\u00b74 + 4\u00b74 + 3\u00b77 + 2\u00b73 = 250 <br \/>\nEl siguiente m\u00faltiplo de 11 es 253, luego el D\u00edgito de Control es 253-250 = 3.<br \/>\nEl ISBN completo es: 84-8104-473-3.<\/p>\n<div><\/br>&nbsp;<\/div>\n<div class=\"sharedaddy sd-sharing-enabled\"><div class=\"robots-nocontent sd-block sd-social sd-social-official sd-sharing\"><div class=\"sd-content\"><ul><li class=\"share-facebook\"><div class=\"fb-share-button\" data-href=\"https:\/\/nosolomates.es\/?page_id=738\" data-layout=\"button_count\"><\/div><\/li><li class=\"share-twitter\"><a href=\"https:\/\/twitter.com\/share\" class=\"twitter-share-button\" data-url=\"https:\/\/nosolomates.es\/?page_id=738\" data-text=\"El ISBN de los libros\"  >Tweet<\/a><\/li><li class=\"share-linkedin\"><div class=\"linkedin_button\"><script type=\"in\/share\" data-url=\"https:\/\/nosolomates.es\/?page_id=738\" data-counter=\"right\"><\/script><\/div><\/li><li class=\"share-pinterest\"><div class=\"pinterest_button\"><a href=\"https:\/\/www.pinterest.com\/pin\/create\/button\/?url=https%3A%2F%2Fnosolomates.es%2F%3Fpage_id%3D738&#038;media=https%3A%2F%2Fsecure.gravatar.com%2Favatar%2Fc9ba1828908559b850337a4baa073367%3Fs%3D96%26d%3Dmm%26r%3Dg&#038;description=El%20ISBN%20de%20los%20libros\" data-pin-do=\"buttonPin\" data-pin-config=\"beside\"><img src=\"\/\/assets.pinterest.com\/images\/pidgets\/pinit_fg_en_rect_gray_20.png\" \/><\/a><\/div><\/li><li class=\"share-end\"><\/li><\/ul><\/div><\/div><\/div>","protected":false},"excerpt":{"rendered":"<p>Herramienta para calcular la \u00faltima cifra de un ISBN de 10 cifras (Desde hace unos a\u00f1os el ISBN coincide con el c\u00f3digo de barras y tienen 13). Introduce las nueve primeras cifras y pulsa &#8220;Calcular&#8221;. Texto alternativo para browsers que &hellip; <a href=\"https:\/\/nosolomates.es\/?page_id=738\">Sigue leyendo <span class=\"meta-nav\">&rarr;<\/span><\/a><\/p>\n<div class=\"sharedaddy sd-sharing-enabled\"><div class=\"robots-nocontent sd-block sd-social sd-social-official sd-sharing\"><div class=\"sd-content\"><ul><li class=\"share-facebook\"><div class=\"fb-share-button\" data-href=\"https:\/\/nosolomates.es\/?page_id=738\" data-layout=\"button_count\"><\/div><\/li><li class=\"share-twitter\"><a href=\"https:\/\/twitter.com\/share\" class=\"twitter-share-button\" data-url=\"https:\/\/nosolomates.es\/?page_id=738\" data-text=\"El ISBN de los libros\"  >Tweet<\/a><\/li><li class=\"share-linkedin\"><div class=\"linkedin_button\"><script type=\"in\/share\" data-url=\"https:\/\/nosolomates.es\/?page_id=738\" data-counter=\"right\"><\/script><\/div><\/li><li class=\"share-pinterest\"><div class=\"pinterest_button\"><a href=\"https:\/\/www.pinterest.com\/pin\/create\/button\/?url=https%3A%2F%2Fnosolomates.es%2F%3Fpage_id%3D738&#038;media=https%3A%2F%2Fsecure.gravatar.com%2Favatar%2Fc9ba1828908559b850337a4baa073367%3Fs%3D96%26d%3Dmm%26r%3Dg&#038;description=El%20ISBN%20de%20los%20libros\" data-pin-do=\"buttonPin\" data-pin-config=\"beside\"><img src=\"\/\/assets.pinterest.com\/images\/pidgets\/pinit_fg_en_rect_gray_20.png\" \/><\/a><\/div><\/li><li class=\"share-end\"><\/li><\/ul><\/div><\/div><\/div>","protected":false},"author":1,"featured_media":0,"parent":629,"menu_order":2,"comment_status":"open","ping_status":"open","template":"","meta":{"jetpack_post_was_ever_published":false,"footnotes":""},"jetpack_shortlink":"https:\/\/wp.me\/P9BfV-bU","jetpack_sharing_enabled":true,"_links":{"self":[{"href":"https:\/\/nosolomates.es\/index.php?rest_route=\/wp\/v2\/pages\/738"}],"collection":[{"href":"https:\/\/nosolomates.es\/index.php?rest_route=\/wp\/v2\/pages"}],"about":[{"href":"https:\/\/nosolomates.es\/index.php?rest_route=\/wp\/v2\/types\/page"}],"author":[{"embeddable":true,"href":"https:\/\/nosolomates.es\/index.php?rest_route=\/wp\/v2\/users\/1"}],"replies":[{"embeddable":true,"href":"https:\/\/nosolomates.es\/index.php?rest_route=%2Fwp%2Fv2%2Fcomments&post=738"}],"version-history":[{"count":3,"href":"https:\/\/nosolomates.es\/index.php?rest_route=\/wp\/v2\/pages\/738\/revisions"}],"predecessor-version":[{"id":897,"href":"https:\/\/nosolomates.es\/index.php?rest_route=\/wp\/v2\/pages\/738\/revisions\/897"}],"up":[{"embeddable":true,"href":"https:\/\/nosolomates.es\/index.php?rest_route=\/wp\/v2\/pages\/629"}],"wp:attachment":[{"href":"https:\/\/nosolomates.es\/index.php?rest_route=%2Fwp%2Fv2%2Fmedia&parent=738"}],"curies":[{"name":"wp","href":"https:\/\/api.w.org\/{rel}","templated":true}]}}