{"id":86,"date":"2007-08-11T20:45:03","date_gmt":"2007-08-11T19:45:03","guid":{"rendered":"http:\/\/nosolomates.es\/?page_id=86"},"modified":"2012-03-11T00:21:51","modified_gmt":"2012-03-10T23:21:51","slug":"concurso","status":"publish","type":"page","link":"http:\/\/nosolomates.es\/?page_id=86","title":{"rendered":"Concurso"},"content":{"rendered":"<table>\n<tr>\n<td><\/td>\n<\/tr>\n<\/table>\n<p>Primero, lee las <a href=\"http:\/\/nosolomates.es\/?page_id=86#comment-302\">reglas del juego<\/a>. Despu\u00e9s, <a href=\"http:\/\/nosolomates.es\/?page_id=86#respond\">responde a los problemas<\/a>.<\/p>\n<table width=\"100%\">\n<tr>\n<td>\n<p style=\"font-size: 20px\"><font color=\"#ff0000\">F\u00c1CIL:<\/font><\/p>\n<table border=\"1\" align=\"right\" width=\"85%\">\n<tr>\n<td bgColor=\"#e0e0e0\">En un reino muy lejano (no especifica si en el tiempo o el espacio, pero creo que no es importante) un rey decidi\u00f3 solventar una disputa entre dos caballeros de una manera, desde su punto de vista, muy ingeniosa e innovadora. Les propuso que hicieran una carrera de caballos y el ganador de la misma ser\u00eda entonces quien tuviera raz\u00f3n. Pero lo ingenioso era que ganar\u00eda aquel cuyo caballo llegara \u00faltimo a la meta. Los caballeros montaron y \u2026. no se movieron. Durante horas permanecieron inm\u00f3viles en sus briosos corceles. La contienda empezaba a ser un poco aburrida, con aspecto de poder llegar a durar varios meses, o a\u00f1os, o incluso, varias generaciones, cuando un sabio profesor de matem\u00e1ticas, que estaba entre el p\u00fablico, se acerc\u00f3 a los jinetes, les susurr\u00f3 algo al oido y finalmente hubo un vencedor.<br \/>\n\u00bfQu\u00e9 fue lo que el sabio profesor de matem\u00e1ticas dijo a los caballeros?<\/p>\n<p align=\"right\">27-11-2007 por <font color=\"#ff0000\">Viasil<\/font><\/p>\n<\/td>\n<\/tr>\n<\/table>\n<\/td>\n<\/tr>\n<\/table>\n<table width=\"100%\">\n<tr>\n<td>\n<p style=\"font-size: 20px\"><font color=\"#ff0000\">MEDIO:<\/font><\/p>\n<table border=\"1\" align=\"right\" width=\"85%\">\n<tr>\n<td bgColor=\"#e0e0e0\">Con los n\u00fameros 4, 5 y 6, utiliz\u00e1ndolos una sola vez, conseguir el 27. <\/p>\n<p align=\"right\">4-11-2007 por <font color=\"#ff0000\">Fidias<\/font><\/p>\n<\/td>\n<\/tr>\n<\/table>\n<\/td>\n<\/tr>\n<\/table>\n<table width=\"100%\">\n<tr>\n<td>\n<p style=\"font-size: 20px\"><font color=\"#ff0000\">DIF\u00cdCIL:<\/font><\/p>\n<table border=\"1\" align=\"right\" width=\"85%\">\n<tr>\n<td bgColor=\"#e0e0e0\">16 personas deben resolver un problema en una serie de reuniones.<br \/>\nPara ello cada una las personas debe haber trabajado con las otras alguna vez, pero no pueden trabajar las 16 juntas. Cuando dos reuniones no tienen participantes en com\u00fan se pueden realizar simult\u00e1neamente (es decir, el mismo d\u00eda). Dos personas que trabajaron juntas una vez ya no pueden volver a hacerlo.<br \/>\nEl objetivo es llevar a cabo el cometido en el menor n\u00famero de d\u00edas posibles.Una posibilidad: el primer d\u00eda podr\u00edan trabajar 15 personas juntas, y en los 15 d\u00edas sucesivos cada una de estas 15 personas trabajar con la que quedo fuera el primer d\u00eda. Se necesitar\u00edan entonces 16 d\u00edas.Otra posibilidad: se forman 2 grupos (A y B) de 8 personas cada uno: a1,\u2026a8, el primero y b1,\u2026,b8 el segundo. El primer d\u00eda trabajan el grupo A y el B paralelamente. El segundo d\u00eda a1 con b1, a2 con b2 hasta a8 con b8. El tercer d\u00eda a1 con b2, a2 con b3 hasta a8 con b1. Se sigue as\u00ed hasta el \u00faltimo d\u00eda que se juntan a1 con b8, a2 con b1, a3 con b2 hasta a8 con b7. Se necesitan entonces 9 d\u00edas.1. \u00bfEs esta la cantidad de d\u00edas \u00f3ptima o se puede hacer en menos d\u00edas?<br \/>\n2. \u00bfEn cu\u00e1ntos y c\u00f3mo?<\/p>\n<p align=\"right\">17-10-2007 por <font color=\"#ff0000\">Viasil<\/font><\/p>\n<\/td>\n<\/tr>\n<\/table>\n<\/td>\n<\/tr>\n<\/table>\n<p style=\"font-size= 20px\" align=\"center\"><font color=\"#0000ff\"><br \/>\nRANKING:<\/font><\/p>\n<table border=\"1\" align=\"center\" width=\"50%\">\n<tr>\n<td bgColor=\"#ffffcc\">\n<p align=\"center\">4053&#8230;&#8230;&#8230;&#8230;&#8230;&#8230;&#8230;&#8230;.. 27 puntos<br \/>\nFernando&#8230;&#8230;&#8230;&#8230;&#8230;&#8230;.. 15 puntos<br \/>\nViasil&#8230;&#8230;&#8230;&#8230;&#8230;&#8230;&#8230;&#8230;.. 12 puntos<br \/>\nJordiel&#8230;&#8230;&#8230;&#8230;&#8230;&#8230;&#8230;&#8230; 10 puntos<br \/>\nFidias&#8230;&#8230;&#8230;&#8230;&#8230;&#8230;&#8230;&#8230;&#8230;5 puntos<br \/>\nChema &#8230;&#8230;&#8230;&#8230;&#8230;&#8230;&#8230;&#8230;.3 puntos<\/td>\n<\/tr>\n<\/table>\n<p><\/br><\/p>\n<div class=\"sharedaddy sd-sharing-enabled\"><div class=\"robots-nocontent sd-block sd-social sd-social-official sd-sharing\"><div class=\"sd-content\"><ul><li class=\"share-facebook\"><div class=\"fb-share-button\" data-href=\"http:\/\/nosolomates.es\/?page_id=86\" data-layout=\"button_count\"><\/div><\/li><li class=\"share-twitter\"><a href=\"https:\/\/twitter.com\/share\" class=\"twitter-share-button\" data-url=\"http:\/\/nosolomates.es\/?page_id=86\" data-text=\"Concurso\"  >Tweet<\/a><\/li><li class=\"share-linkedin\"><div class=\"linkedin_button\"><script type=\"in\/share\" data-url=\"http:\/\/nosolomates.es\/?page_id=86\" data-counter=\"right\"><\/script><\/div><\/li><li class=\"share-pinterest\"><div class=\"pinterest_button\"><a href=\"https:\/\/www.pinterest.com\/pin\/create\/button\/?url=http%3A%2F%2Fnosolomates.es%2F%3Fpage_id%3D86&#038;media=http%3A%2F%2F0.gravatar.com%2Favatar%2Fc9ba1828908559b850337a4baa073367%3Fs%3D96%26d%3Dmm%26r%3Dg&#038;description=Concurso\" data-pin-do=\"buttonPin\" data-pin-config=\"beside\"><img src=\"\/\/assets.pinterest.com\/images\/pidgets\/pinit_fg_en_rect_gray_20.png\" \/><\/a><\/div><\/li><li class=\"share-end\"><\/li><\/ul><\/div><\/div><\/div>","protected":false},"excerpt":{"rendered":"<p>Primero, lee las reglas del juego. Despu\u00e9s, responde a los problemas. F\u00c1CIL: En un reino muy lejano (no especifica si en el tiempo o el espacio, pero creo que no es importante) un rey decidi\u00f3 solventar una disputa entre dos &hellip; <a href=\"http:\/\/nosolomates.es\/?page_id=86\">Sigue leyendo <span class=\"meta-nav\">&rarr;<\/span><\/a><\/p>\n<div class=\"sharedaddy sd-sharing-enabled\"><div class=\"robots-nocontent sd-block sd-social sd-social-official sd-sharing\"><div class=\"sd-content\"><ul><li class=\"share-facebook\"><div class=\"fb-share-button\" data-href=\"http:\/\/nosolomates.es\/?page_id=86\" data-layout=\"button_count\"><\/div><\/li><li class=\"share-twitter\"><a href=\"https:\/\/twitter.com\/share\" class=\"twitter-share-button\" data-url=\"http:\/\/nosolomates.es\/?page_id=86\" data-text=\"Concurso\"  >Tweet<\/a><\/li><li class=\"share-linkedin\"><div class=\"linkedin_button\"><script type=\"in\/share\" data-url=\"http:\/\/nosolomates.es\/?page_id=86\" data-counter=\"right\"><\/script><\/div><\/li><li class=\"share-pinterest\"><div class=\"pinterest_button\"><a href=\"https:\/\/www.pinterest.com\/pin\/create\/button\/?url=http%3A%2F%2Fnosolomates.es%2F%3Fpage_id%3D86&#038;media=http%3A%2F%2F0.gravatar.com%2Favatar%2Fc9ba1828908559b850337a4baa073367%3Fs%3D96%26d%3Dmm%26r%3Dg&#038;description=Concurso\" data-pin-do=\"buttonPin\" data-pin-config=\"beside\"><img src=\"\/\/assets.pinterest.com\/images\/pidgets\/pinit_fg_en_rect_gray_20.png\" \/><\/a><\/div><\/li><li class=\"share-end\"><\/li><\/ul><\/div><\/div><\/div>","protected":false},"author":1,"featured_media":0,"parent":0,"menu_order":3,"comment_status":"open","ping_status":"closed","template":"","meta":{"jetpack_post_was_ever_published":false,"footnotes":""},"jetpack_shortlink":"https:\/\/wp.me\/P9BfV-1o","jetpack_sharing_enabled":true,"_links":{"self":[{"href":"http:\/\/nosolomates.es\/index.php?rest_route=\/wp\/v2\/pages\/86"}],"collection":[{"href":"http:\/\/nosolomates.es\/index.php?rest_route=\/wp\/v2\/pages"}],"about":[{"href":"http:\/\/nosolomates.es\/index.php?rest_route=\/wp\/v2\/types\/page"}],"author":[{"embeddable":true,"href":"http:\/\/nosolomates.es\/index.php?rest_route=\/wp\/v2\/users\/1"}],"replies":[{"embeddable":true,"href":"http:\/\/nosolomates.es\/index.php?rest_route=%2Fwp%2Fv2%2Fcomments&post=86"}],"version-history":[{"count":1,"href":"http:\/\/nosolomates.es\/index.php?rest_route=\/wp\/v2\/pages\/86\/revisions"}],"predecessor-version":[{"id":615,"href":"http:\/\/nosolomates.es\/index.php?rest_route=\/wp\/v2\/pages\/86\/revisions\/615"}],"wp:attachment":[{"href":"http:\/\/nosolomates.es\/index.php?rest_route=%2Fwp%2Fv2%2Fmedia&parent=86"}],"curies":[{"name":"wp","href":"https:\/\/api.w.org\/{rel}","templated":true}]}}