{"id":764,"date":"2012-04-14T21:25:26","date_gmt":"2012-04-14T20:25:26","guid":{"rendered":"http:\/\/nosolomates.es\/?page_id=764"},"modified":"2012-04-14T21:25:26","modified_gmt":"2012-04-14T20:25:26","slug":"lenguajes-de-ficcion","status":"publish","type":"page","link":"http:\/\/nosolomates.es\/?page_id=764","title":{"rendered":"Lenguajes de ficci\u00f3n"},"content":{"rendered":"<p>Herramienta para cifrar un texto a distintos lenguajes inventados para el cine o la televisi\u00f3n. Escribe el texto, elige el idioma y pulsa &#8220;Transcribir&#8221;.<\/p>\n<p><center><\/p>\n<div id=\"utilidades\"><h8><iframe loading=\"lazy\" src=\"web\/alfabetos.htm\" width=\"530\" height=\"500\" scrolling=\"auto\" frameborder=\"0\"><\/p>\n<p>Texto alternativo para browsers que no aceptan iframes.<\/p>\n<p>    <\/iframe><\/h8><\/div>\n<p><\/center><br \/>\n<\/p>\n<h1>Explicaci\u00f3n:<\/h1>\n<p><\/p>\n<p>La criptograf\u00eda no sirve s\u00f3lo para \u201cocultar\u201d mensajes. La criptograf\u00eda trata de \u201ccodificar\u201d mensajes y eso es, precisamente, el lenguaje y las palabras escritas: una forma de codificar mensajes o, como dec\u00eda Michael Crichton en su novela Devoradores de cad\u00e1veres, \u201cdibujar los sonidos\u201d. Aqu\u00ed ten\u00e9is inos cuantos ejemplos de lenguajes que, al igual que el nuestro (o los nuestros), solo sirven para transmitir informaci\u00f3n, no para ocultarla. Son los lenguajes de los seres de ficci\u00f3n, esos que existen en la mente de alg\u00fan escritor o guionista, alien\u00edgenas en su mayor\u00eda, que no utilizan nuestras letras porque viven en otro mundo.<\/p>\n<p>Pod\u00e9is escribir nuestras palabras a 6 de estos idiomas: los alien\u00edgenas de las series V, Futurama, Alien Nation, Stargate SG-1, los de la pel\u00edcula Atlantis, y las runas de El se\u00f1or de los anillos. (Si conoc\u00e9is alguno m\u00e1s y me lo envi\u00e1is al mail, estar\u00eda encantado de a\u00f1adirlo).<\/p>\n<p>Como, por muy alien\u00edgenas que sean, han sido creados por humanos (de habla inglesa, para m\u00e1s se\u00f1as), no tienen la letra \u00f1. Os recuerdo tambi\u00e9n que el script solo sirve para escribir nuestras palabras con sus s\u00edmbolos. Volviendo a la cita de Crichton, nosotros dibujamos el sonido o con la letra o, y el sonido a con la letra a, pero en Espa\u00f1a llamamos mesa a los que los ingleses llaman table. Evidentemente, los alien\u00edgenas tienen su propio lenguaje y sus palabras para cada cosa. \u00a1El script no es un traductor! Si alguna vez os encontr\u00e1is con uno de esos seres, asegur\u00e1os primero de que lo que v\u00e1is a escribir no es un insulto en su idioma.<\/p>\n<div><\/br>&nbsp;<\/div>\n<div class=\"sharedaddy sd-sharing-enabled\"><div class=\"robots-nocontent sd-block sd-social sd-social-official sd-sharing\"><div class=\"sd-content\"><ul><li class=\"share-facebook\"><div class=\"fb-share-button\" data-href=\"http:\/\/nosolomates.es\/?page_id=764\" data-layout=\"button_count\"><\/div><\/li><li class=\"share-twitter\"><a href=\"https:\/\/twitter.com\/share\" class=\"twitter-share-button\" data-url=\"http:\/\/nosolomates.es\/?page_id=764\" data-text=\"Lenguajes de ficci\u00f3n\"  >Tweet<\/a><\/li><li class=\"share-linkedin\"><div class=\"linkedin_button\"><script type=\"in\/share\" data-url=\"http:\/\/nosolomates.es\/?page_id=764\" data-counter=\"right\"><\/script><\/div><\/li><li class=\"share-pinterest\"><div class=\"pinterest_button\"><a href=\"https:\/\/www.pinterest.com\/pin\/create\/button\/?url=http%3A%2F%2Fnosolomates.es%2F%3Fpage_id%3D764&#038;media=http%3A%2F%2F0.gravatar.com%2Favatar%2Fc9ba1828908559b850337a4baa073367%3Fs%3D96%26d%3Dmm%26r%3Dg&#038;description=Lenguajes%20de%20ficci%C3%B3n\" data-pin-do=\"buttonPin\" data-pin-config=\"beside\"><img src=\"\/\/assets.pinterest.com\/images\/pidgets\/pinit_fg_en_rect_gray_20.png\" \/><\/a><\/div><\/li><li class=\"share-end\"><\/li><\/ul><\/div><\/div><\/div>","protected":false},"excerpt":{"rendered":"<p>Herramienta para cifrar un texto a distintos lenguajes inventados para el cine o la televisi\u00f3n. Escribe el texto, elige el idioma y pulsa &#8220;Transcribir&#8221;. Texto alternativo para browsers que no aceptan iframes. Explicaci\u00f3n: La criptograf\u00eda no sirve s\u00f3lo para \u201cocultar\u201d &hellip; <a href=\"http:\/\/nosolomates.es\/?page_id=764\">Sigue leyendo <span class=\"meta-nav\">&rarr;<\/span><\/a><\/p>\n<div class=\"sharedaddy sd-sharing-enabled\"><div class=\"robots-nocontent sd-block sd-social sd-social-official sd-sharing\"><div class=\"sd-content\"><ul><li class=\"share-facebook\"><div class=\"fb-share-button\" data-href=\"http:\/\/nosolomates.es\/?page_id=764\" data-layout=\"button_count\"><\/div><\/li><li class=\"share-twitter\"><a href=\"https:\/\/twitter.com\/share\" class=\"twitter-share-button\" data-url=\"http:\/\/nosolomates.es\/?page_id=764\" data-text=\"Lenguajes de ficci\u00f3n\"  >Tweet<\/a><\/li><li class=\"share-linkedin\"><div class=\"linkedin_button\"><script type=\"in\/share\" data-url=\"http:\/\/nosolomates.es\/?page_id=764\" data-counter=\"right\"><\/script><\/div><\/li><li class=\"share-pinterest\"><div class=\"pinterest_button\"><a href=\"https:\/\/www.pinterest.com\/pin\/create\/button\/?url=http%3A%2F%2Fnosolomates.es%2F%3Fpage_id%3D764&#038;media=http%3A%2F%2F0.gravatar.com%2Favatar%2Fc9ba1828908559b850337a4baa073367%3Fs%3D96%26d%3Dmm%26r%3Dg&#038;description=Lenguajes%20de%20ficci%C3%B3n\" data-pin-do=\"buttonPin\" data-pin-config=\"beside\"><img src=\"\/\/assets.pinterest.com\/images\/pidgets\/pinit_fg_en_rect_gray_20.png\" \/><\/a><\/div><\/li><li class=\"share-end\"><\/li><\/ul><\/div><\/div><\/div>","protected":false},"author":1,"featured_media":0,"parent":754,"menu_order":5,"comment_status":"open","ping_status":"open","template":"","meta":{"jetpack_post_was_ever_published":false,"footnotes":""},"jetpack_shortlink":"https:\/\/wp.me\/P9BfV-ck","jetpack_sharing_enabled":true,"_links":{"self":[{"href":"http:\/\/nosolomates.es\/index.php?rest_route=\/wp\/v2\/pages\/764"}],"collection":[{"href":"http:\/\/nosolomates.es\/index.php?rest_route=\/wp\/v2\/pages"}],"about":[{"href":"http:\/\/nosolomates.es\/index.php?rest_route=\/wp\/v2\/types\/page"}],"author":[{"embeddable":true,"href":"http:\/\/nosolomates.es\/index.php?rest_route=\/wp\/v2\/users\/1"}],"replies":[{"embeddable":true,"href":"http:\/\/nosolomates.es\/index.php?rest_route=%2Fwp%2Fv2%2Fcomments&post=764"}],"version-history":[{"count":1,"href":"http:\/\/nosolomates.es\/index.php?rest_route=\/wp\/v2\/pages\/764\/revisions"}],"predecessor-version":[{"id":765,"href":"http:\/\/nosolomates.es\/index.php?rest_route=\/wp\/v2\/pages\/764\/revisions\/765"}],"up":[{"embeddable":true,"href":"http:\/\/nosolomates.es\/index.php?rest_route=\/wp\/v2\/pages\/754"}],"wp:attachment":[{"href":"http:\/\/nosolomates.es\/index.php?rest_route=%2Fwp%2Fv2%2Fmedia&parent=764"}],"curies":[{"name":"wp","href":"https:\/\/api.w.org\/{rel}","templated":true}]}}