{"id":742,"date":"2012-04-12T14:35:07","date_gmt":"2012-04-12T13:35:07","guid":{"rendered":"http:\/\/nosolomates.es\/?page_id=742"},"modified":"2012-04-12T14:35:07","modified_gmt":"2012-04-12T13:35:07","slug":"numeros-romanos","status":"publish","type":"page","link":"http:\/\/nosolomates.es\/?page_id=742","title":{"rendered":"N\u00fameros Romanos"},"content":{"rendered":"<p>Herramienta para convertir un n\u00famero en n\u00fameros romanos. Introduce el n\u00famero en la caja y pulsa &#8220;Convertir&#8221;.<\/p>\n<p><center><\/p>\n<div id=\"utilidades\"><h7><iframe loading=\"lazy\" src=\"web\/romanos.htm\" width=\"470\" height=\"170\" scrolling=\"auto\" frameborder=\"0\"><\/p>\n<p>Texto alternativo para browsers que no aceptan iframes.<\/p>\n<p>    <\/iframe><\/h7><\/div>\n<p><\/center><br \/>\n<\/p>\n<h1>Explicaci\u00f3n:<\/h1>\n<p><\/p>\n<p>El sistema de numeraci\u00f3n romano es un sistema de numeraci\u00f3n aditivo, a diferencia del nuestro (heredado de los \u00e1rabes) que es posicional. Esto significa que en la numeraci\u00f3n romana cada s\u00edmbolo ten\u00eda un valor, independientemente del lugar que este ocupe dentro del n\u00famero. Por ejemplo, en el n\u00famero XXIII, cada X vale 10 y cada I vale 1, mientras que en nuestra numeraci\u00f3n,  en el n\u00famero 2211, el primer 2 vale 2000 y el segundo 200, es decir, el valor de cada s\u00edmbolo depende del lugar que ocupa dentro del n\u00famero.<\/p>\n<p><\/p>\n<p>Los s\u00edmbolos utilizados por los romanos eran:<\/p>\n<p><center><\/p>\n<table width=\"200px\" border=\"1\">\n<tr>\n<td align=\"center\">\n<p>Romano<\/p>\n<\/td>\n<td align=\"center\">\n<p>Actual<\/p>\n<\/td>\n<\/tr>\n<tr>\n<td align=\"center\">I&nbsp;&nbsp;<\/td>\n<td align=\"center\">1<\/td>\n<\/tr>\n<tr>\n<td align=\"center\">V&nbsp;&nbsp;<\/td>\n<td align=\"center\">5<\/td>\n<\/tr>\n<tr>\n<td align=\"center\">X&nbsp;&nbsp;<\/td>\n<td align=\"center\">10<\/td>\n<\/tr>\n<tr>\n<td align=\"center\">L&nbsp;&nbsp;<\/td>\n<td align=\"center\">50<\/td>\n<\/tr>\n<tr>\n<td align=\"center\">C&nbsp;&nbsp;<\/td>\n<td align=\"center\">100<\/td>\n<\/tr>\n<tr>\n<td align=\"center\">D&nbsp;&nbsp;<\/td>\n<td align=\"center\">500<\/td>\n<\/tr>\n<tr>\n<td align=\"center\">M&nbsp;&nbsp;<\/td>\n<td align=\"center\">1000<\/td>\n<\/tr>\n<\/table>\n<p><\/center><\/p>\n<p>Adem\u00e1s, hay una peque\u00f1a norma, y es que nunca se escribe el mismo s\u00edmbolo 4 veces. Cuando es necesario, por ejemplo, para el n\u00famero 4, se &#8220;resta&#8221; al s\u00edmbolo que representa la cantidad superior. Para &#8220;restar&#8221; se pone delante. As\u00ed, el n\u00famero 4, en vez de IIII, se escribe IV, o el 90, que deber\u00eda ser LXXXX, se escribe XC.<\/p>\n<p>En la actualidad, el sistema de numeraci\u00f3n romano se sigue utilizando, entre otras cosas, para los siglos (ej: siglo XX, siglo XIV), para numerar los cap\u00edtulos en muchos libros (ej: Cap\u00edtulo XXIII) y, en alguna ocasi\u00f3n, para los a\u00f1os (ej: a\u00f1o MCMLXXXVII).<\/p>\n<div><\/br>&nbsp;<\/div>\n<div class=\"sharedaddy sd-sharing-enabled\"><div class=\"robots-nocontent sd-block sd-social sd-social-official sd-sharing\"><div class=\"sd-content\"><ul><li class=\"share-facebook\"><div class=\"fb-share-button\" data-href=\"http:\/\/nosolomates.es\/?page_id=742\" data-layout=\"button_count\"><\/div><\/li><li class=\"share-twitter\"><a href=\"https:\/\/twitter.com\/share\" class=\"twitter-share-button\" data-url=\"http:\/\/nosolomates.es\/?page_id=742\" data-text=\"N\u00fameros Romanos\"  >Tweet<\/a><\/li><li class=\"share-linkedin\"><div class=\"linkedin_button\"><script type=\"in\/share\" data-url=\"http:\/\/nosolomates.es\/?page_id=742\" data-counter=\"right\"><\/script><\/div><\/li><li class=\"share-pinterest\"><div class=\"pinterest_button\"><a href=\"https:\/\/www.pinterest.com\/pin\/create\/button\/?url=http%3A%2F%2Fnosolomates.es%2F%3Fpage_id%3D742&#038;media=http%3A%2F%2F0.gravatar.com%2Favatar%2Fc9ba1828908559b850337a4baa073367%3Fs%3D96%26d%3Dmm%26r%3Dg&#038;description=N%C3%BAmeros%20Romanos\" data-pin-do=\"buttonPin\" data-pin-config=\"beside\"><img src=\"\/\/assets.pinterest.com\/images\/pidgets\/pinit_fg_en_rect_gray_20.png\" \/><\/a><\/div><\/li><li class=\"share-end\"><\/li><\/ul><\/div><\/div><\/div>","protected":false},"excerpt":{"rendered":"<p>Herramienta para convertir un n\u00famero en n\u00fameros romanos. Introduce el n\u00famero en la caja y pulsa &#8220;Convertir&#8221;. Texto alternativo para browsers que no aceptan iframes. Explicaci\u00f3n: El sistema de numeraci\u00f3n romano es un sistema de numeraci\u00f3n aditivo, a diferencia del &hellip; <a href=\"http:\/\/nosolomates.es\/?page_id=742\">Sigue leyendo <span class=\"meta-nav\">&rarr;<\/span><\/a><\/p>\n<div class=\"sharedaddy sd-sharing-enabled\"><div class=\"robots-nocontent sd-block sd-social sd-social-official sd-sharing\"><div class=\"sd-content\"><ul><li class=\"share-facebook\"><div class=\"fb-share-button\" data-href=\"http:\/\/nosolomates.es\/?page_id=742\" data-layout=\"button_count\"><\/div><\/li><li class=\"share-twitter\"><a href=\"https:\/\/twitter.com\/share\" class=\"twitter-share-button\" data-url=\"http:\/\/nosolomates.es\/?page_id=742\" data-text=\"N\u00fameros Romanos\"  >Tweet<\/a><\/li><li class=\"share-linkedin\"><div class=\"linkedin_button\"><script type=\"in\/share\" data-url=\"http:\/\/nosolomates.es\/?page_id=742\" data-counter=\"right\"><\/script><\/div><\/li><li class=\"share-pinterest\"><div class=\"pinterest_button\"><a href=\"https:\/\/www.pinterest.com\/pin\/create\/button\/?url=http%3A%2F%2Fnosolomates.es%2F%3Fpage_id%3D742&#038;media=http%3A%2F%2F0.gravatar.com%2Favatar%2Fc9ba1828908559b850337a4baa073367%3Fs%3D96%26d%3Dmm%26r%3Dg&#038;description=N%C3%BAmeros%20Romanos\" data-pin-do=\"buttonPin\" data-pin-config=\"beside\"><img src=\"\/\/assets.pinterest.com\/images\/pidgets\/pinit_fg_en_rect_gray_20.png\" \/><\/a><\/div><\/li><li class=\"share-end\"><\/li><\/ul><\/div><\/div><\/div>","protected":false},"author":1,"featured_media":0,"parent":629,"menu_order":4,"comment_status":"open","ping_status":"open","template":"","meta":{"jetpack_post_was_ever_published":false,"footnotes":""},"jetpack_shortlink":"https:\/\/wp.me\/P9BfV-bY","jetpack_sharing_enabled":true,"_links":{"self":[{"href":"http:\/\/nosolomates.es\/index.php?rest_route=\/wp\/v2\/pages\/742"}],"collection":[{"href":"http:\/\/nosolomates.es\/index.php?rest_route=\/wp\/v2\/pages"}],"about":[{"href":"http:\/\/nosolomates.es\/index.php?rest_route=\/wp\/v2\/types\/page"}],"author":[{"embeddable":true,"href":"http:\/\/nosolomates.es\/index.php?rest_route=\/wp\/v2\/users\/1"}],"replies":[{"embeddable":true,"href":"http:\/\/nosolomates.es\/index.php?rest_route=%2Fwp%2Fv2%2Fcomments&post=742"}],"version-history":[{"count":1,"href":"http:\/\/nosolomates.es\/index.php?rest_route=\/wp\/v2\/pages\/742\/revisions"}],"predecessor-version":[{"id":743,"href":"http:\/\/nosolomates.es\/index.php?rest_route=\/wp\/v2\/pages\/742\/revisions\/743"}],"up":[{"embeddable":true,"href":"http:\/\/nosolomates.es\/index.php?rest_route=\/wp\/v2\/pages\/629"}],"wp:attachment":[{"href":"http:\/\/nosolomates.es\/index.php?rest_route=%2Fwp%2Fv2%2Fmedia&parent=742"}],"curies":[{"name":"wp","href":"https:\/\/api.w.org\/{rel}","templated":true}]}}